{"id":91,"date":"2016-09-12T19:43:55","date_gmt":"2016-09-12T18:43:55","guid":{"rendered":"http:\/\/www.re-creation.be\/?page_id=91"},"modified":"2023-03-24T09:47:13","modified_gmt":"2023-03-24T08:47:13","slug":"bio-express","status":"publish","type":"page","link":"https:\/\/www.re-creation.be\/index.php\/a-propos\/bio-express\/","title":{"rendered":"Bio express"},"content":{"rendered":"<h1><img loading=\"lazy\" decoding=\"async\" class=\"alignnone wp-image-752 size-medium\" src=\"https:\/\/www.re-creation.be\/wp-content\/uploads\/2022\/06\/Jessica-9-200x300.jpg\" alt=\"\" width=\"200\" height=\"300\" srcset=\"https:\/\/www.re-creation.be\/wp-content\/uploads\/2022\/06\/Jessica-9-200x300.jpg 200w, https:\/\/www.re-creation.be\/wp-content\/uploads\/2022\/06\/Jessica-9-683x1024.jpg 683w, https:\/\/www.re-creation.be\/wp-content\/uploads\/2022\/06\/Jessica-9-768x1152.jpg 768w, https:\/\/www.re-creation.be\/wp-content\/uploads\/2022\/06\/Jessica-9-1024x1536.jpg 1024w, https:\/\/www.re-creation.be\/wp-content\/uploads\/2022\/06\/Jessica-9-1365x2048.jpg 1365w, https:\/\/www.re-creation.be\/wp-content\/uploads\/2022\/06\/Jessica-9-scaled.jpg 1707w\" sizes=\"(max-width: 200px) 100vw, 200px\" \/><span style=\"color: #ee2020; font-size: 20px;\"> Jessica Dessy, coach et formatrice<br><\/span><\/h1>\n<p><strong>Psychologue<\/strong>, form\u00e9e <strong>en clinique syst\u00e9mique<\/strong>, ses \u00e9tudes ont transmis \u00e0 Jessica la passion des syst\u00e8mes humains. Elle a voulu ensuite approfondir et challenger ses connaissances en se formant notamment \u00e0 l&rsquo;<strong>analyse transactionnelle, \u00e0 la Programmation Neuro-Linguistique, l&rsquo;intelligence \u00e9motionnelle<\/strong>, &#8230;<\/p>\n<p>Pour se frotter \u00e0 la complexit\u00e9 des \u00eatres humains, son premier d\u00e9fi fut de partager le quotidien d&rsquo; adultes atteints de psychose et de toxicomanie. Elle y a notamment appris \u00e0 c\u00e9l\u00e9brer chaque progr\u00e8s, aussi petit et fragile qu&rsquo;il soit ! Cela lui fut utile dans ses exp\u00e9riences dans le secteur de l&#8217;emploi, d&rsquo;abord en charge du recrutement en int\u00e9rim puis de l&rsquo;accompagnement \u00e0 la recherche d&#8217;emploi.<\/p>\n<p><strong>Durant 7 ans, elle a coach\u00e9 des centaines de personnes aux parcours et aux aspirations tr\u00e8s vari\u00e9s<\/strong>. En <strong>accompagnement individuel ou en formation de groupe<\/strong>, elle a d\u00e9velopp\u00e9 et \u00e9prouv\u00e9 des outils pour faire \u00e9merger ou soutenir la motivation, la confiance en soi, l&rsquo;assertivit\u00e9&#8230; Dans cette activit\u00e9, elle a aussi <strong>accompagn\u00e9 des employeurs de taille et de secteurs vari\u00e9s<\/strong> (PME, grandes soci\u00e9t\u00e9s, monde associatif, institutions publiques), <strong>dans leurs activit\u00e9s de recrutement, d&rsquo;accueil et d&rsquo;int\u00e9gration de leurs collaborateurs<\/strong>.<\/p>\n<p>Enfin, elle a \u00e9t\u00e9 en charge du d\u00e9veloppement des comp\u00e9tences du personnel de l&rsquo;Universit\u00e9 Libre de Bruxelles, nouveau challenge qui lui a permis de rencontrer beaucoup de middle managers soucieux de trouver des solutions concr\u00e8tes et efficaces pour d\u00e9velopper les comp\u00e9tences de leurs collaborateurs et donc de leurs \u00e9quipes.<\/p>\n<p><\/p>\n\n\n<h3 class=\"has-vivid-red-color has-text-color wp-block-heading\">Parcours professionnel :<\/h3>\n\n\n\n<p>Depuis 2016 Coach, formatrice &amp; superviseure. A l&rsquo;occasion conf\u00e9renci\u00e8re et podcasteuse&#8230;<\/p>\n\n\n\n<p><\/p>\n\n\n\n<p><em>Depuis 2020\u00a0: Coach en outplacement pour SD Works Career Solutions<\/em><\/p>\n\n\n\n<p>Depuis 2017 Coaching professionnel <em>&#8211; Clinique du Stress et du burn-out Le Domaine, Braine l\u2019alleud<\/em> <em>Accompagnement de plus de 200 patients en reprise d\u2019activit\u00e9 professionnelle ou en difficult\u00e9s de gestion du stress<\/em><\/p>\n\n\n\n<p>2019 Coaching solidaire pour des entrepreneurs en rebond apr\u00e8s une faillite avec le <a href=\"http:\/\/www.beci.be\">BECI<\/a> projet <a href=\"https:\/\/go.beci.be\/restart\">RESTART<\/a> <\/p>\n\n\n\n<p><em>Depuis 2018\u00a0: Consultations priv\u00e9es et formations pour l\u2019EPFC, CEFORA, Bruxelles Formation, Interface 3\u00a0; La maison des femmes de Schaerbeek\u00a0; la CGSLB\u00a0;\u00a0 les Mompreneurs de Belgique et le CREDAL.<\/em><\/p>\n\n\n\n<p><em>2018-2019 Accompagnement d\u2019\u00e9quipe en \u00e0 la gestion du stress \u2013 SL Consultance pour le TEC Wallonie<\/em><\/p>\n\n\n\n<p>2018 Formation \u00e0 l&rsquo;organisation et la gestion du temps pour les managers &#8211; <em>Intercommunale des d\u00e9chets, Charleroi &amp; Trait d&rsquo;union, Mouscron &amp; autres formations pour Inquiry Charleroi<\/em><\/p>\n\n\n\n<p><em>2018 Accompagnement de managers d&rsquo;\u00e9quipe \u2013 BeTV, Bruxelles<\/em><\/p>\n\n\n\n<p>2018-2019 Formation sur le rapport \u00e0 l&rsquo;argent pour les <a href=\"http:\/\/www.mompreneurs.be\/\">Mompreneurs\u00a0 <\/a><\/p>\n\n\n\n<p>2018-2022 Atelier de d\u00e9couverte de l&rsquo;entreprenariat f\u00e9minin pour la <a href=\"https:\/\/www.1030.be\/fr\/vivre-ensemble-solidarite\/egalite-des-chances\/egalite-hommes-femmes\/agenda-maison-des-femmes\">Maison de femmes de Schaerbeek<\/a> <\/p>\n\n\n\n<p>2018-2022 Ateliers \u00ab\u00a0outils de recherche d&#8217;emploi\u00a0\u00bb pour le <a href=\"http:\/\/www.cefora.be\">CEFORA<\/a> et <a href=\"http:\/\/bruxellesformation.be\/\">BRUXELLES FORMATION<\/a> <\/p>\n\n\n\n<p>2017-2021 Atelier de coaching pour les chercheurs d&#8217;emploi de la <a href=\"https:\/\/www.cgslb.be\/fr\/demandeurs-demploi-bruxelles\">CGSLB <\/a><\/p>\n\n\n\n<p>2017-2019 Formations en gestion du stress, hygi\u00e8ne de vie au travail, communication et gestion des conflits dans le cadre de la formation continue des chauffeurs professionnels (diff\u00e9rentes soci\u00e9t\u00e9s de transporteurs, et le groupe TEC <\/p>\n\n\n\n<p>2017 Accompagnement d&rsquo;\u00e9quipe en transition <em>EPFC<\/em><\/p>\n\n\n\n<p>2017 Formation au recrutement pour le <a href=\"http:\/\/www.fs323.be\/\">Fond 323<\/a> <\/p>\n\n\n\n<p>2017Formation de manager coach anim\u00e9e avec <a href=\"https:\/\/www.facebook.com\/Cap-Synergies-1763820763879424\/\">Cap Synergies<\/a> <\/p>\n\n\n\n<p>2017-2018 Conf\u00e9rences sur le burn-out et la pr\u00e9vention du stress au travail (plusieurs cycles, <em>Centre Th\u00e9rapie Aide, Ottignies<\/em><\/p>\n\n\n\n<p>Coaching professionnel: <a href=\"http:\/\/www.psyris.be\/\">Centre Psyris<\/a> et <a href=\"http:\/\/www.therapie-aide.be\/\">Centre Th\u00e9rapie Aide<\/a> (2016-2017)<\/p>\n\n\n\n<p>Charg\u00e9e du d\u00e9veloppement des comp\u00e9tences <em>ULB Dep. des Ressources Humaines<\/em><\/p>\n\n\n\n<p>Ao\u00fbt 2013- Ao\u00fbt 2016<\/p>\n\n\n\n<ul class=\"wp-block-list\">\n<li>Gestion de projets de formation &amp; teambuilding<\/li>\n\n\n\n<li>Analyse des besoins et proposition de projets de formations<\/li>\n\n\n\n<li>Questions p\u00e9dagogiques&nbsp;: programmes, r\u00e9flexion, \u00e9laboration de projets d&rsquo;\u00e9quipe, transitions et changements, coh\u00e9sion du groupe&#8230;<\/li>\n\n\n\n<li>Description des comp\u00e9tences vis\u00e9es, \u00e9laboration de cahier des charges<\/li>\n\n\n\n<li>Recherche de partenaires de formation et cr\u00e9ation de contenus formatifs<\/li>\n\n\n\n<li>Budg\u00e9tisation et planification<\/li>\n\n\n\n<li>Gestion logistique des formations (timing, lieu, mat\u00e9riel, catering&#8230;)<\/li>\n\n\n\n<li>Evaluation qualitative et quantitative des actions.<\/li>\n<\/ul>\n\n\n\n<p>Gestionnaire de projets <em>Mission Locale pour l&rsquo;Emploi et la Formation <\/em><em>d&rsquo;Ixelles<\/em><\/p>\n\n\n\n<p><a href=\"http:\/\/www.missionlocalexl.be\/\">Mai 2011- juil. 2013<\/a><\/p>\n\n\n\n<ul class=\"wp-block-list\">\n<li>D\u00e9veloppement d&rsquo;une base de donn\u00e9es de contacts pour des rencontres stagiaires-entreprise, encadrement de stage, jobcoaching, recrutement et s\u00e9lection, int\u00e9gration des nouveaux collaborateurs&#8230;<\/li>\n<\/ul>\n\n\n\n<p>Formatrice \u2013 Jobcoach <em>Mission Locale pour l&rsquo;Emploi et la Formation&nbsp;d&rsquo;Ixelles<\/em><\/p>\n\n\n\n<p>Mai 2006- mai 2011<\/p>\n\n\n\n<ul class=\"wp-block-list\">\n<li>Coaching individuel : bilan de comp\u00e9tences, (r\u00e9)orientation professionnelle, recherche d\u2019emploi<\/li>\n\n\n\n<li>Animation de formations pour des publics vari\u00e9s (jeunes sortant des \u00e9tudes, adultes en transition de carri\u00e8re,\u2026)<\/li>\n<\/ul>\n\n\n\n<p>Responsable partenariat aux Entreprises <a href=\"http:\/\/www.coften.be\/\"><em>COFTeN, Bruxelles<\/em><\/a><\/p>\n\n\n\n<p>Janvier- mai 2006<\/p>\n\n\n\n<ul class=\"wp-block-list\">\n<li>D\u00e9veloppement d&rsquo;une base de donn\u00e9es de contacts pour des rencontres stagiaires-entreprise, encadrement de stage, jobcoaching<\/li>\n<\/ul>\n\n\n\n<p>Consultante en int\u00e9rim <em>Adecco Agence On site solution, Bruxelles<\/em><\/p>\n\n\n\n<p>Septembre- novembre 2005<\/p>\n\n\n\n<ul class=\"wp-block-list\">\n<li>Recrutement et s\u00e9lection, gestion des contacts et documents sociaux<\/li>\n<\/ul>\n\n\n\n<p><strong>Formation<\/strong><\/p>\n\n\n\n<p><strong>Licenci\u00e9e en psychologie clinique syst\u00e9mique <\/strong><em>UCL, 2005<\/em><\/p>\n\n\n\n<p><strong>Certifi\u00e9e en life &amp; business coaching<\/strong> <em>Coaching Ways, 2008-2009<\/em><\/p>\n\n\n\n<p>Depuis 2008, formations compl\u00e9mentaires en animation, prise de parole en public, organisation d&rsquo;\u00e9v\u00e9nement, CNV, ACT th\u00e9rapie&#8230;<\/p>\n\n\n<p><iframe loading=\"lazy\" src=\"https:\/\/www.compsy.be\/fr\/psychologist\/embed\/19492\" width=\"250\" height=\"150\" frameborder=\"0\"><\/iframe><\/p>","protected":false},"excerpt":{"rendered":"<p>Jessica Dessy, coach et formatrice Psychologue, form\u00e9e en clinique syst\u00e9mique, ses \u00e9tudes ont transmis \u00e0 Jessica la passion des syst\u00e8mes humains. Elle a voulu ensuite approfondir et challenger ses connaissances en se formant notamment \u00e0 l&rsquo;analyse transactionnelle, \u00e0 la Programmation Neuro-Linguistique, l&rsquo;intelligence \u00e9motionnelle, &#8230; Pour se frotter \u00e0 la complexit\u00e9 des \u00eatres humains, son premier [&hellip;]<\/p>\n","protected":false},"author":2,"featured_media":0,"parent":11,"menu_order":0,"comment_status":"closed","ping_status":"closed","template":"","meta":{"kk_blocks_editor_width":"","_kiokenblocks_attr":"","_kiokenblocks_dimensions":"","footnotes":""},"class_list":["post-91","page","type-page","status-publish","hentry"],"_links":{"self":[{"href":"https:\/\/www.re-creation.be\/index.php\/wp-json\/wp\/v2\/pages\/91"}],"collection":[{"href":"https:\/\/www.re-creation.be\/index.php\/wp-json\/wp\/v2\/pages"}],"about":[{"href":"https:\/\/www.re-creation.be\/index.php\/wp-json\/wp\/v2\/types\/page"}],"author":[{"embeddable":true,"href":"https:\/\/www.re-creation.be\/index.php\/wp-json\/wp\/v2\/users\/2"}],"replies":[{"embeddable":true,"href":"https:\/\/www.re-creation.be\/index.php\/wp-json\/wp\/v2\/comments?post=91"}],"version-history":[{"count":38,"href":"https:\/\/www.re-creation.be\/index.php\/wp-json\/wp\/v2\/pages\/91\/revisions"}],"predecessor-version":[{"id":803,"href":"https:\/\/www.re-creation.be\/index.php\/wp-json\/wp\/v2\/pages\/91\/revisions\/803"}],"up":[{"embeddable":true,"href":"https:\/\/www.re-creation.be\/index.php\/wp-json\/wp\/v2\/pages\/11"}],"wp:attachment":[{"href":"https:\/\/www.re-creation.be\/index.php\/wp-json\/wp\/v2\/media?parent=91"}],"curies":[{"name":"wp","href":"https:\/\/api.w.org\/{rel}","templated":true}]}}

<h1><img loading="lazy" decoding="async" class="alignnone wp-image-752 size-medium" src="https://www.re-creation.be/wp-content/uploads/2022/06/Jessica-9-200x300.jpg" alt="" width="200" height="300" srcset="https://www.re-creation.be/wp-content/uploads/2022/06/Jessica-9-200x300.jpg 200w, https://www.re-creation.be/wp-content/uploads/2022/06/Jessica-9-683x1024.jpg 683w, https://www.re-creation.be/wp-content/uploads/2022/06/Jessica-9-768x1152.jpg 768w, https://www.re-creation.be/wp-content/uploads/2022/06/Jessica-9-1024x1536.jpg 1024w, https://www.re-creation.be/wp-content/uploads/2022/06/Jessica-9-1365x2048.jpg 1365w, https://www.re-creation.be/wp-content/uploads/2022/06/Jessica-9-scaled.jpg 1707w" sizes="(max-width: 200px) 100vw, 200px" /><span style="color: #ee2020; font-size: 20px;"> Jessica Dessy, coach et formatrice<br></span></h1>
<p><strong>Psychologue</strong>, formée <strong>en clinique systémique</strong>, ses études ont transmis à Jessica la passion des systèmes humains. Elle a voulu ensuite approfondir et challenger ses connaissances en se formant notamment à l&rsquo;<strong>analyse transactionnelle, à la Programmation Neuro-Linguistique, l&rsquo;intelligence émotionnelle</strong>, &#8230;</p>
<p>Pour se frotter à la complexité des êtres humains, son premier défi fut de partager le quotidien d&rsquo; adultes atteints de psychose et de toxicomanie. Elle y a notamment appris à célébrer chaque progrès, aussi petit et fragile qu&rsquo;il soit ! Cela lui fut utile dans ses expériences dans le secteur de l&#8217;emploi, d&rsquo;abord en charge du recrutement en intérim puis de l&rsquo;accompagnement à la recherche d&#8217;emploi.</p>
<p><strong>Durant 7 ans, elle a coaché des centaines de personnes aux parcours et aux aspirations très variés</strong>. En <strong>accompagnement individuel ou en formation de groupe</strong>, elle a développé et éprouvé des outils pour faire émerger ou soutenir la motivation, la confiance en soi, l&rsquo;assertivité&#8230; Dans cette activité, elle a aussi <strong>accompagné des employeurs de taille et de secteurs variés</strong> (PME, grandes sociétés, monde associatif, institutions publiques), <strong>dans leurs activités de recrutement, d&rsquo;accueil et d&rsquo;intégration de leurs collaborateurs</strong>.</p>
<p>Enfin, elle a été en charge du développement des compétences du personnel de l&rsquo;Université Libre de Bruxelles, nouveau challenge qui lui a permis de rencontrer beaucoup de middle managers soucieux de trouver des solutions concrètes et efficaces pour développer les compétences de leurs collaborateurs et donc de leurs équipes.</p>
<p></p>


<h3 class="has-vivid-red-color has-text-color wp-block-heading">Parcours professionnel :</h3>



<p>Depuis 2016 Coach, formatrice &amp; superviseure. A l&rsquo;occasion conférencière et podcasteuse&#8230;</p>



<p></p>



<p><em>Depuis 2020 : Coach en outplacement pour SD Works Career Solutions</em></p>



<p>Depuis 2017 Coaching professionnel <em>&#8211; Clinique du Stress et du burn-out Le Domaine, Braine l’alleud</em> <em>Accompagnement de plus de 200 patients en reprise d’activité professionnelle ou en difficultés de gestion du stress</em></p>



<p>2019 Coaching solidaire pour des entrepreneurs en rebond après une faillite avec le <a href="http://www.beci.be">BECI</a> projet <a href="https://go.beci.be/restart">RESTART</a> </p>



<p><em>Depuis 2018 : Consultations privées et formations pour l’EPFC, CEFORA, Bruxelles Formation, Interface 3 ; La maison des femmes de Schaerbeek ; la CGSLB ;  les Mompreneurs de Belgique et le CREDAL.</em></p>



<p><em>2018-2019 Accompagnement d’équipe en à la gestion du stress – SL Consultance pour le TEC Wallonie</em></p>



<p>2018 Formation à l&rsquo;organisation et la gestion du temps pour les managers &#8211; <em>Intercommunale des déchets, Charleroi &amp; Trait d&rsquo;union, Mouscron &amp; autres formations pour Inquiry Charleroi</em></p>



<p><em>2018 Accompagnement de managers d&rsquo;équipe – BeTV, Bruxelles</em></p>



<p>2018-2019 Formation sur le rapport à l&rsquo;argent pour les <a href="http://www.mompreneurs.be/">Mompreneurs  </a></p>



<p>2018-2022 Atelier de découverte de l&rsquo;entreprenariat féminin pour la <a href="https://www.1030.be/fr/vivre-ensemble-solidarite/egalite-des-chances/egalite-hommes-femmes/agenda-maison-des-femmes">Maison de femmes de Schaerbeek</a> </p>



<p>2018-2022 Ateliers « outils de recherche d&#8217;emploi » pour le <a href="http://www.cefora.be">CEFORA</a> et <a href="http://bruxellesformation.be/">BRUXELLES FORMATION</a> </p>



<p>2017-2021 Atelier de coaching pour les chercheurs d&#8217;emploi de la <a href="https://www.cgslb.be/fr/demandeurs-demploi-bruxelles">CGSLB </a></p>



<p>2017-2019 Formations en gestion du stress, hygiène de vie au travail, communication et gestion des conflits dans le cadre de la formation continue des chauffeurs professionnels (différentes sociétés de transporteurs, et le groupe TEC </p>



<p>2017 Accompagnement d&rsquo;équipe en transition <em>EPFC</em></p>



<p>2017 Formation au recrutement pour le <a href="http://www.fs323.be/">Fond 323</a> </p>



<p>2017Formation de manager coach animée avec <a href="https://www.facebook.com/Cap-Synergies-1763820763879424/">Cap Synergies</a> </p>



<p>2017-2018 Conférences sur le burn-out et la prévention du stress au travail (plusieurs cycles, <em>Centre Thérapie Aide, Ottignies</em></p>



<p>Coaching professionnel: <a href="http://www.psyris.be/">Centre Psyris</a> et <a href="http://www.therapie-aide.be/">Centre Thérapie Aide</a> (2016-2017)</p>



<p>Chargée du développement des compétences <em>ULB Dep. des Ressources Humaines</em></p>



<p>Août 2013- Août 2016</p>



<ul class="wp-block-list">
<li>Gestion de projets de formation &amp; teambuilding</li>



<li>Analyse des besoins et proposition de projets de formations</li>



<li>Questions pédagogiques&nbsp;: programmes, réflexion, élaboration de projets d&rsquo;équipe, transitions et changements, cohésion du groupe&#8230;</li>



<li>Description des compétences visées, élaboration de cahier des charges</li>



<li>Recherche de partenaires de formation et création de contenus formatifs</li>



<li>Budgétisation et planification</li>



<li>Gestion logistique des formations (timing, lieu, matériel, catering&#8230;)</li>



<li>Evaluation qualitative et quantitative des actions.</li>
</ul>



<p>Gestionnaire de projets <em>Mission Locale pour l&rsquo;Emploi et la Formation </em><em>d&rsquo;Ixelles</em></p>



<p><a href="http://www.missionlocalexl.be/">Mai 2011- juil. 2013</a></p>



<ul class="wp-block-list">
<li>Développement d&rsquo;une base de données de contacts pour des rencontres stagiaires-entreprise, encadrement de stage, jobcoaching, recrutement et sélection, intégration des nouveaux collaborateurs&#8230;</li>
</ul>



<p>Formatrice – Jobcoach <em>Mission Locale pour l&rsquo;Emploi et la Formation&nbsp;d&rsquo;Ixelles</em></p>



<p>Mai 2006- mai 2011</p>



<ul class="wp-block-list">
<li>Coaching individuel : bilan de compétences, (ré)orientation professionnelle, recherche d’emploi</li>



<li>Animation de formations pour des publics variés (jeunes sortant des études, adultes en transition de carrière,…)</li>
</ul>



<p>Responsable partenariat aux Entreprises <a href="http://www.coften.be/"><em>COFTeN, Bruxelles</em></a></p>



<p>Janvier- mai 2006</p>



<ul class="wp-block-list">
<li>Développement d&rsquo;une base de données de contacts pour des rencontres stagiaires-entreprise, encadrement de stage, jobcoaching</li>
</ul>



<p>Consultante en intérim <em>Adecco Agence On site solution, Bruxelles</em></p>



<p>Septembre- novembre 2005</p>



<ul class="wp-block-list">
<li>Recrutement et sélection, gestion des contacts et documents sociaux</li>
</ul>



<p><strong>Formation</strong></p>



<p><strong>Licenciée en psychologie clinique systémique </strong><em>UCL, 2005</em></p>



<p><strong>Certifiée en life &amp; business coaching</strong> <em>Coaching Ways, 2008-2009</em></p>



<p>Depuis 2008, formations complémentaires en animation, prise de parole en public, organisation d&rsquo;événement, CNV, ACT thérapie&#8230;</p>


<p><iframe loading="lazy" src="https://www.compsy.be/fr/psychologist/embed/19492" width="250" height="150" frameborder="0"></iframe></p>

<p>Jessica Dessy, coach et formatrice Psychologue, formée en clinique systémique, ses études ont transmis à Jessica la passion des systèmes humains. Elle a voulu ensuite approfondir et challenger ses connaissances en se formant notamment à l&rsquo;analyse transactionnelle, à la Programmation Neuro-Linguistique, l&rsquo;intelligence émotionnelle, &#8230; Pour se frotter à la complexité des êtres humains, son premier [&hellip;]</p>
